{"id":2061,"date":"2024-08-07T14:20:49","date_gmt":"2024-08-07T20:20:49","guid":{"rendered":"https:\/\/colostudy.org\/?post_type=people&#038;p=2061"},"modified":"2024-08-07T15:00:40","modified_gmt":"2024-08-07T21:00:40","slug":"mitchell-coyle","status":"publish","type":"people","link":"https:\/\/colostudy.org\/es\/people\/mitchell-coyle\/","title":{"rendered":"Coyle de Mitchell"},"content":{"rendered":"<p>Mitchell Coyle es el enlace de participaci\u00f3n comunitaria para el Estudio Longitudinal de Colorado (COLS). Se gradu\u00f3 Magna Cum Laude de la Universidad Estatal de Colorado con una licenciatura en Sociolog\u00eda con una especializaci\u00f3n en Historia Afroamericana. Ha contribuido a la tecnolog\u00eda de vanguardia en SpaceX y su pasi\u00f3n por la comunidad y la m\u00fasica lo llev\u00f3 a involucrarse activamente con j\u00f3venes desfavorecidos en Los \u00c1ngeles a trav\u00e9s de Hip Hop for Change, una organizaci\u00f3n sin fines de lucro que trabaja para empoderar a los estudiantes de K-12 para que aprovechen el poder de la m\u00fasica para la autoexpresi\u00f3n. M\u00e1s tarde, Mitchell aprovech\u00f3 sus habilidades en comunicaciones y medios como publicista de varios artistas de Billboard 100 en Los \u00c1ngeles. En 2023, Mitchell regres\u00f3 a Colorado y se uni\u00f3 a COLS en mayo de 2024.<\/p>","protected":false},"excerpt":{"rendered":"<p>Mitchell Coyle desarrolla, implementa y supervisa iniciativas estrat\u00e9gicas de marketing y relaciones p\u00fablicas para mejorar la visibilidad y el impacto de COLS. Es responsable de promover la misi\u00f3n, los programas y los eventos de COLS a una amplia audiencia, fomentando la participaci\u00f3n de la comunidad.<\/p>","protected":false},"featured_media":2065,"template":"","class_list":["post-2061","people","type-people","status-publish","has-post-thumbnail","hentry"],"yoast_head":"<!-- This site is optimized with the Yoast SEO plugin v26.9 - https:\/\/yoast.com\/product\/yoast-seo-wordpress\/ -->\n<title>Mitchell Coyle - Colorado Longitudinal Study<\/title>\n<meta name=\"robots\" content=\"index, follow, max-snippet:-1, max-image-preview:large, max-video-preview:-1\" \/>\n<link rel=\"canonical\" href=\"https:\/\/colostudy.org\/es\/people\/mitchell-coyle\/\" \/>\n<meta property=\"og:locale\" content=\"es_MX\" \/>\n<meta property=\"og:type\" content=\"article\" \/>\n<meta property=\"og:title\" content=\"Mitchell Coyle - Colorado Longitudinal Study\" \/>\n<meta property=\"og:description\" content=\"Mitchell Coyle develops, implements, and oversees strategic marketing and public relations initiatives to enhance the visibility and impact of COLS. He is responsible for promoting COLS\u2019 mission, programs, and events to a broad audience, fostering community engagement.\" \/>\n<meta property=\"og:url\" content=\"https:\/\/colostudy.org\/es\/people\/mitchell-coyle\/\" \/>\n<meta property=\"og:site_name\" content=\"Colorado Longitudinal Study\" \/>\n<meta property=\"article:modified_time\" content=\"2024-08-07T21:00:40+00:00\" \/>\n<meta property=\"og:image\" content=\"https:\/\/colostudy.org\/wp-content\/uploads\/2024\/08\/Mitchell-Coyle-Headshot.png\" \/>\n\t<meta property=\"og:image:width\" content=\"1800\" \/>\n\t<meta property=\"og:image:height\" content=\"1800\" \/>\n\t<meta property=\"og:image:type\" content=\"image\/png\" \/>\n<meta name=\"twitter:card\" content=\"summary_large_image\" \/>\n<meta name=\"twitter:label1\" content=\"Tiempo de lectura\" \/>\n\t<meta name=\"twitter:data1\" content=\"1 minuto\" \/>\n<script type=\"application\/ld+json\" class=\"yoast-schema-graph\">{\"@context\":\"https:\/\/schema.org\",\"@graph\":[{\"@type\":\"WebPage\",\"@id\":\"https:\/\/colostudy.org\/people\/mitchell-coyle\/\",\"url\":\"https:\/\/colostudy.org\/people\/mitchell-coyle\/\",\"name\":\"Mitchell Coyle - Colorado Longitudinal Study\",\"isPartOf\":{\"@id\":\"https:\/\/colostudy.org\/#website\"},\"primaryImageOfPage\":{\"@id\":\"https:\/\/colostudy.org\/people\/mitchell-coyle\/#primaryimage\"},\"image\":{\"@id\":\"https:\/\/colostudy.org\/people\/mitchell-coyle\/#primaryimage\"},\"thumbnailUrl\":\"https:\/\/colostudy.org\/wp-content\/uploads\/2024\/08\/Mitchell-Coyle-Headshot.png\",\"datePublished\":\"2024-08-07T20:20:49+00:00\",\"dateModified\":\"2024-08-07T21:00:40+00:00\",\"breadcrumb\":{\"@id\":\"https:\/\/colostudy.org\/people\/mitchell-coyle\/#breadcrumb\"},\"inLanguage\":\"es\",\"potentialAction\":[{\"@type\":\"ReadAction\",\"target\":[\"https:\/\/colostudy.org\/people\/mitchell-coyle\/\"]}]},{\"@type\":\"ImageObject\",\"inLanguage\":\"es\",\"@id\":\"https:\/\/colostudy.org\/people\/mitchell-coyle\/#primaryimage\",\"url\":\"https:\/\/colostudy.org\/wp-content\/uploads\/2024\/08\/Mitchell-Coyle-Headshot.png\",\"contentUrl\":\"https:\/\/colostudy.org\/wp-content\/uploads\/2024\/08\/Mitchell-Coyle-Headshot.png\",\"width\":1800,\"height\":1800},{\"@type\":\"BreadcrumbList\",\"@id\":\"https:\/\/colostudy.org\/people\/mitchell-coyle\/#breadcrumb\",\"itemListElement\":[{\"@type\":\"ListItem\",\"position\":1,\"name\":\"Home\",\"item\":\"https:\/\/colostudy.org\/\"},{\"@type\":\"ListItem\",\"position\":2,\"name\":\"Mitchell Coyle\"}]},{\"@type\":\"WebSite\",\"@id\":\"https:\/\/colostudy.org\/#website\",\"url\":\"https:\/\/colostudy.org\/\",\"name\":\"Colorado Longitudinal Study\",\"description\":\"\",\"publisher\":{\"@id\":\"https:\/\/colostudy.org\/#organization\"},\"potentialAction\":[{\"@type\":\"SearchAction\",\"target\":{\"@type\":\"EntryPoint\",\"urlTemplate\":\"https:\/\/colostudy.org\/?s={search_term_string}\"},\"query-input\":{\"@type\":\"PropertyValueSpecification\",\"valueRequired\":true,\"valueName\":\"search_term_string\"}}],\"inLanguage\":\"es\"},{\"@type\":\"Organization\",\"@id\":\"https:\/\/colostudy.org\/#organization\",\"name\":\"Colorado Longitudinal Study\",\"url\":\"https:\/\/colostudy.org\/\",\"logo\":{\"@type\":\"ImageObject\",\"inLanguage\":\"es\",\"@id\":\"https:\/\/colostudy.org\/#\/schema\/logo\/image\/\",\"url\":\"https:\/\/colostudy.org\/wp-content\/uploads\/2020\/08\/COLS_LogoWeb_RGB.png\",\"contentUrl\":\"https:\/\/colostudy.org\/wp-content\/uploads\/2020\/08\/COLS_LogoWeb_RGB.png\",\"width\":1920,\"height\":223,\"caption\":\"Colorado Longitudinal Study\"},\"image\":{\"@id\":\"https:\/\/colostudy.org\/#\/schema\/logo\/image\/\"}}]}<\/script>\n<!-- \/ Yoast SEO plugin. -->","yoast_head_json":{"title":"Mitchell Coyle - Colorado Longitudinal Study","robots":{"index":"index","follow":"follow","max-snippet":"max-snippet:-1","max-image-preview":"max-image-preview:large","max-video-preview":"max-video-preview:-1"},"canonical":"https:\/\/colostudy.org\/es\/people\/mitchell-coyle\/","og_locale":"es_MX","og_type":"article","og_title":"Mitchell Coyle - Colorado Longitudinal Study","og_description":"Mitchell Coyle develops, implements, and oversees strategic marketing and public relations initiatives to enhance the visibility and impact of COLS. He is responsible for promoting COLS\u2019 mission, programs, and events to a broad audience, fostering community engagement.","og_url":"https:\/\/colostudy.org\/es\/people\/mitchell-coyle\/","og_site_name":"Colorado Longitudinal Study","article_modified_time":"2024-08-07T21:00:40+00:00","og_image":[{"width":1800,"height":1800,"url":"https:\/\/colostudy.org\/wp-content\/uploads\/2024\/08\/Mitchell-Coyle-Headshot.png","type":"image\/png"}],"twitter_card":"summary_large_image","twitter_misc":{"Tiempo de lectura":"1 minuto"},"schema":{"@context":"https:\/\/schema.org","@graph":[{"@type":"WebPage","@id":"https:\/\/colostudy.org\/people\/mitchell-coyle\/","url":"https:\/\/colostudy.org\/people\/mitchell-coyle\/","name":"Mitchell Coyle - Colorado Longitudinal Study","isPartOf":{"@id":"https:\/\/colostudy.org\/#website"},"primaryImageOfPage":{"@id":"https:\/\/colostudy.org\/people\/mitchell-coyle\/#primaryimage"},"image":{"@id":"https:\/\/colostudy.org\/people\/mitchell-coyle\/#primaryimage"},"thumbnailUrl":"https:\/\/colostudy.org\/wp-content\/uploads\/2024\/08\/Mitchell-Coyle-Headshot.png","datePublished":"2024-08-07T20:20:49+00:00","dateModified":"2024-08-07T21:00:40+00:00","breadcrumb":{"@id":"https:\/\/colostudy.org\/people\/mitchell-coyle\/#breadcrumb"},"inLanguage":"es","potentialAction":[{"@type":"ReadAction","target":["https:\/\/colostudy.org\/people\/mitchell-coyle\/"]}]},{"@type":"ImageObject","inLanguage":"es","@id":"https:\/\/colostudy.org\/people\/mitchell-coyle\/#primaryimage","url":"https:\/\/colostudy.org\/wp-content\/uploads\/2024\/08\/Mitchell-Coyle-Headshot.png","contentUrl":"https:\/\/colostudy.org\/wp-content\/uploads\/2024\/08\/Mitchell-Coyle-Headshot.png","width":1800,"height":1800},{"@type":"BreadcrumbList","@id":"https:\/\/colostudy.org\/people\/mitchell-coyle\/#breadcrumb","itemListElement":[{"@type":"ListItem","position":1,"name":"Home","item":"https:\/\/colostudy.org\/"},{"@type":"ListItem","position":2,"name":"Mitchell Coyle"}]},{"@type":"WebSite","@id":"https:\/\/colostudy.org\/#website","url":"https:\/\/colostudy.org\/","name":"Colorado Longitudinal Study","description":"","publisher":{"@id":"https:\/\/colostudy.org\/#organization"},"potentialAction":[{"@type":"SearchAction","target":{"@type":"EntryPoint","urlTemplate":"https:\/\/colostudy.org\/?s={search_term_string}"},"query-input":{"@type":"PropertyValueSpecification","valueRequired":true,"valueName":"search_term_string"}}],"inLanguage":"es"},{"@type":"Organization","@id":"https:\/\/colostudy.org\/#organization","name":"Colorado Longitudinal Study","url":"https:\/\/colostudy.org\/","logo":{"@type":"ImageObject","inLanguage":"es","@id":"https:\/\/colostudy.org\/#\/schema\/logo\/image\/","url":"https:\/\/colostudy.org\/wp-content\/uploads\/2020\/08\/COLS_LogoWeb_RGB.png","contentUrl":"https:\/\/colostudy.org\/wp-content\/uploads\/2020\/08\/COLS_LogoWeb_RGB.png","width":1920,"height":223,"caption":"Colorado Longitudinal Study"},"image":{"@id":"https:\/\/colostudy.org\/#\/schema\/logo\/image\/"}}]}},"_links":{"self":[{"href":"https:\/\/colostudy.org\/es\/wp-json\/wp\/v2\/people\/2061","targetHints":{"allow":["GET"]}}],"collection":[{"href":"https:\/\/colostudy.org\/es\/wp-json\/wp\/v2\/people"}],"about":[{"href":"https:\/\/colostudy.org\/es\/wp-json\/wp\/v2\/types\/people"}],"wp:featuredmedia":[{"embeddable":true,"href":"https:\/\/colostudy.org\/es\/wp-json\/wp\/v2\/media\/2065"}],"wp:attachment":[{"href":"https:\/\/colostudy.org\/es\/wp-json\/wp\/v2\/media?parent=2061"}],"curies":[{"name":"wp","href":"https:\/\/api.w.org\/{rel}","templated":true}]}}

<p>Mitchell Coyle es el enlace de participación comunitaria para el Estudio Longitudinal de Colorado (COLS). Se graduó Magna Cum Laude de la Universidad Estatal de Colorado con una licenciatura en Sociología con una especialización en Historia Afroamericana. Ha contribuido a la tecnología de vanguardia en SpaceX y su pasión por la comunidad y la música lo llevó a involucrarse activamente con jóvenes desfavorecidos en Los Ángeles a través de Hip Hop for Change, una organización sin fines de lucro que trabaja para empoderar a los estudiantes de K-12 para que aprovechen el poder de la música para la autoexpresión. Más tarde, Mitchell aprovechó sus habilidades en comunicaciones y medios como publicista de varios artistas de Billboard 100 en Los Ángeles. En 2023, Mitchell regresó a Colorado y se unió a COLS en mayo de 2024.</p>

<p>Mitchell Coyle desarrolla, implementa y supervisa iniciativas estratégicas de marketing y relaciones públicas para mejorar la visibilidad y el impacto de COLS. Es responsable de promover la misión, los programas y los eventos de COLS a una amplia audiencia, fomentando la participación de la comunidad.</p>
