{"id":387,"date":"2020-08-10T09:16:03","date_gmt":"2020-08-10T15:16:03","guid":{"rendered":"https:\/\/coloradolongitudinalstudy.org\/?post_type=people&#038;p=387"},"modified":"2020-08-30T15:19:27","modified_gmt":"2020-08-30T21:19:27","slug":"don-elliman-jr","status":"publish","type":"people","link":"https:\/\/colostudy.org\/es\/people\/don-elliman-jr\/","title":{"rendered":"Don M. Elliman Jr."},"content":{"rendered":"<p>Don Elliman Jr. es actualmente rector del campus m\u00e9dico Anschutz de la Universidad de Colorado. Elliman, ejecutivo editorial desde hace mucho tiempo, cuenta con una trayectoria exitosa en los negocios y una reputaci\u00f3n muy respetada en la educaci\u00f3n superior. Trabaj\u00f3 en Time Warner durante 32 a\u00f1os y se jubil\u00f3 como vicepresidente ejecutivo de Time Inc. Otros cargos que ocup\u00f3 incluyen el de editor de la revista People y el de presidente de Sports Illustrated.<\/p>\n<p>Elliman se mud\u00f3 a Colorado y se convirti\u00f3 en presidente de Ascent Sports y luego de Kroenke Sports Enterprises, con supervisi\u00f3n de actividades comerciales, incluidas The Pepsi Center, The Denver Nuggets y The Colorado Avalanche. Fue nombrado director de la Oficina de Desarrollo Econ\u00f3mico y Comercio Internacional de Colorado, supervisando una amplia gama de actividades de desarrollo econ\u00f3mico, incluido el desarrollo de negocios nacionales e internacionales, programas para peque\u00f1as empresas, la Oficina de Turismo de Colorado y la Comisi\u00f3n de Desarrollo Econ\u00f3mico de Colorado.<\/p>\n<p>Luego sirvi\u00f3 dos a\u00f1os como director de operaciones de Colorado, ayudando al gobernador en la gesti\u00f3n de todas las agencias estatales. En 2011, el Sr. Elliman fue nombrado director ejecutivo del Centro Charles C. Gates de Medicina Regenerativa y Biolog\u00eda de C\u00e9lulas Madre de la Facultad de Medicina de la Universidad de Colorado en el Campus M\u00e9dico de Anschutz. Se convirti\u00f3 en canciller interino de los campus de Denver y Anschutz en 2012. Fue nombrado canciller en 2013 y asumi\u00f3 la responsabilidad exclusiva de CU Anschutz en 2014.<\/p>\n<p>El Sr. Elliman se ha desempe\u00f1ado como presidente de la junta directiva del Children&#039;s Hospital Colorado y copresidente de la campa\u00f1a para recaudar fondos para el nuevo hospital. Es miembro de las juntas directivas del Children&#039;s Hospital Colorado, UCHealth y University of Colorado Hospital, la Comisi\u00f3n de Estudios Superiores, la C\u00e1mara de Comercio Metropolitana de Denver, la Autoridad de Reurbanizaci\u00f3n de Fitzsimons, la Gates Family Foundation, el Instituto Linda Crnic para el S\u00edndrome de Down y el Centro Nacional de Innovaci\u00f3n en Salud Conductual. y la Feria Nacional de Valores del Oeste.<\/p>","protected":false},"excerpt":{"rendered":"<p>El Sr. Elliman, Canciller de CU Anschutz, es un ex ejecutivo editorial y participa activamente en muchas juntas directivas de Colorado.  <\/p>","protected":false},"featured_media":390,"template":"","class_list":["post-387","people","type-people","status-publish","has-post-thumbnail","hentry"],"yoast_head":"<!-- This site is optimized with the Yoast SEO plugin v26.9 - https:\/\/yoast.com\/product\/yoast-seo-wordpress\/ -->\n<title>Don M. Elliman Jr. - Colorado Longitudinal Study<\/title>\n<meta name=\"robots\" content=\"index, follow, max-snippet:-1, max-image-preview:large, max-video-preview:-1\" \/>\n<link rel=\"canonical\" href=\"https:\/\/colostudy.org\/es\/people\/don-elliman-jr\/\" \/>\n<meta property=\"og:locale\" content=\"es_MX\" \/>\n<meta property=\"og:type\" content=\"article\" \/>\n<meta property=\"og:title\" content=\"Don M. Elliman Jr. - Colorado Longitudinal Study\" \/>\n<meta property=\"og:description\" content=\"Mr. Elliman, CU Anschutz Chancellor, is a former publishing executive and active on many Colorado boards.\" \/>\n<meta property=\"og:url\" content=\"https:\/\/colostudy.org\/es\/people\/don-elliman-jr\/\" \/>\n<meta property=\"og:site_name\" content=\"Colorado Longitudinal Study\" \/>\n<meta property=\"article:modified_time\" content=\"2020-08-30T21:19:27+00:00\" \/>\n<meta property=\"og:image\" content=\"https:\/\/colostudy.org\/wp-content\/uploads\/2020\/08\/Don-Elliman-Board-member-e1597673454921.png\" \/>\n\t<meta property=\"og:image:width\" content=\"300\" \/>\n\t<meta property=\"og:image:height\" content=\"300\" \/>\n\t<meta property=\"og:image:type\" content=\"image\/png\" \/>\n<meta name=\"twitter:card\" content=\"summary_large_image\" \/>\n<script type=\"application\/ld+json\" class=\"yoast-schema-graph\">{\"@context\":\"https:\/\/schema.org\",\"@graph\":[{\"@type\":\"WebPage\",\"@id\":\"https:\/\/colostudy.org\/people\/don-elliman-jr\/\",\"url\":\"https:\/\/colostudy.org\/people\/don-elliman-jr\/\",\"name\":\"Don M. Elliman Jr. - Colorado Longitudinal Study\",\"isPartOf\":{\"@id\":\"https:\/\/colostudy.org\/#website\"},\"primaryImageOfPage\":{\"@id\":\"https:\/\/colostudy.org\/people\/don-elliman-jr\/#primaryimage\"},\"image\":{\"@id\":\"https:\/\/colostudy.org\/people\/don-elliman-jr\/#primaryimage\"},\"thumbnailUrl\":\"https:\/\/colostudy.org\/wp-content\/uploads\/2020\/08\/Don-Elliman-Board-member-e1597673454921.png\",\"datePublished\":\"2020-08-10T15:16:03+00:00\",\"dateModified\":\"2020-08-30T21:19:27+00:00\",\"breadcrumb\":{\"@id\":\"https:\/\/colostudy.org\/people\/don-elliman-jr\/#breadcrumb\"},\"inLanguage\":\"es\",\"potentialAction\":[{\"@type\":\"ReadAction\",\"target\":[\"https:\/\/colostudy.org\/people\/don-elliman-jr\/\"]}]},{\"@type\":\"ImageObject\",\"inLanguage\":\"es\",\"@id\":\"https:\/\/colostudy.org\/people\/don-elliman-jr\/#primaryimage\",\"url\":\"https:\/\/colostudy.org\/wp-content\/uploads\/2020\/08\/Don-Elliman-Board-member-e1597673454921.png\",\"contentUrl\":\"https:\/\/colostudy.org\/wp-content\/uploads\/2020\/08\/Don-Elliman-Board-member-e1597673454921.png\",\"width\":300,\"height\":300},{\"@type\":\"BreadcrumbList\",\"@id\":\"https:\/\/colostudy.org\/people\/don-elliman-jr\/#breadcrumb\",\"itemListElement\":[{\"@type\":\"ListItem\",\"position\":1,\"name\":\"Home\",\"item\":\"https:\/\/colostudy.org\/\"},{\"@type\":\"ListItem\",\"position\":2,\"name\":\"Don M. Elliman Jr.\"}]},{\"@type\":\"WebSite\",\"@id\":\"https:\/\/colostudy.org\/#website\",\"url\":\"https:\/\/colostudy.org\/\",\"name\":\"Colorado Longitudinal Study\",\"description\":\"\",\"publisher\":{\"@id\":\"https:\/\/colostudy.org\/#organization\"},\"potentialAction\":[{\"@type\":\"SearchAction\",\"target\":{\"@type\":\"EntryPoint\",\"urlTemplate\":\"https:\/\/colostudy.org\/?s={search_term_string}\"},\"query-input\":{\"@type\":\"PropertyValueSpecification\",\"valueRequired\":true,\"valueName\":\"search_term_string\"}}],\"inLanguage\":\"es\"},{\"@type\":\"Organization\",\"@id\":\"https:\/\/colostudy.org\/#organization\",\"name\":\"Colorado Longitudinal Study\",\"url\":\"https:\/\/colostudy.org\/\",\"logo\":{\"@type\":\"ImageObject\",\"inLanguage\":\"es\",\"@id\":\"https:\/\/colostudy.org\/#\/schema\/logo\/image\/\",\"url\":\"https:\/\/colostudy.org\/wp-content\/uploads\/2020\/08\/COLS_LogoWeb_RGB.png\",\"contentUrl\":\"https:\/\/colostudy.org\/wp-content\/uploads\/2020\/08\/COLS_LogoWeb_RGB.png\",\"width\":1920,\"height\":223,\"caption\":\"Colorado Longitudinal Study\"},\"image\":{\"@id\":\"https:\/\/colostudy.org\/#\/schema\/logo\/image\/\"}}]}<\/script>\n<!-- \/ Yoast SEO plugin. -->","yoast_head_json":{"title":"Don M. Elliman Jr. - Colorado Longitudinal Study","robots":{"index":"index","follow":"follow","max-snippet":"max-snippet:-1","max-image-preview":"max-image-preview:large","max-video-preview":"max-video-preview:-1"},"canonical":"https:\/\/colostudy.org\/es\/people\/don-elliman-jr\/","og_locale":"es_MX","og_type":"article","og_title":"Don M. Elliman Jr. - Colorado Longitudinal Study","og_description":"Mr. Elliman, CU Anschutz Chancellor, is a former publishing executive and active on many Colorado boards.","og_url":"https:\/\/colostudy.org\/es\/people\/don-elliman-jr\/","og_site_name":"Colorado Longitudinal Study","article_modified_time":"2020-08-30T21:19:27+00:00","og_image":[{"width":300,"height":300,"url":"https:\/\/colostudy.org\/wp-content\/uploads\/2020\/08\/Don-Elliman-Board-member-e1597673454921.png","type":"image\/png"}],"twitter_card":"summary_large_image","schema":{"@context":"https:\/\/schema.org","@graph":[{"@type":"WebPage","@id":"https:\/\/colostudy.org\/people\/don-elliman-jr\/","url":"https:\/\/colostudy.org\/people\/don-elliman-jr\/","name":"Don M. Elliman Jr. - Colorado Longitudinal Study","isPartOf":{"@id":"https:\/\/colostudy.org\/#website"},"primaryImageOfPage":{"@id":"https:\/\/colostudy.org\/people\/don-elliman-jr\/#primaryimage"},"image":{"@id":"https:\/\/colostudy.org\/people\/don-elliman-jr\/#primaryimage"},"thumbnailUrl":"https:\/\/colostudy.org\/wp-content\/uploads\/2020\/08\/Don-Elliman-Board-member-e1597673454921.png","datePublished":"2020-08-10T15:16:03+00:00","dateModified":"2020-08-30T21:19:27+00:00","breadcrumb":{"@id":"https:\/\/colostudy.org\/people\/don-elliman-jr\/#breadcrumb"},"inLanguage":"es","potentialAction":[{"@type":"ReadAction","target":["https:\/\/colostudy.org\/people\/don-elliman-jr\/"]}]},{"@type":"ImageObject","inLanguage":"es","@id":"https:\/\/colostudy.org\/people\/don-elliman-jr\/#primaryimage","url":"https:\/\/colostudy.org\/wp-content\/uploads\/2020\/08\/Don-Elliman-Board-member-e1597673454921.png","contentUrl":"https:\/\/colostudy.org\/wp-content\/uploads\/2020\/08\/Don-Elliman-Board-member-e1597673454921.png","width":300,"height":300},{"@type":"BreadcrumbList","@id":"https:\/\/colostudy.org\/people\/don-elliman-jr\/#breadcrumb","itemListElement":[{"@type":"ListItem","position":1,"name":"Home","item":"https:\/\/colostudy.org\/"},{"@type":"ListItem","position":2,"name":"Don M. Elliman Jr."}]},{"@type":"WebSite","@id":"https:\/\/colostudy.org\/#website","url":"https:\/\/colostudy.org\/","name":"Colorado Longitudinal Study","description":"","publisher":{"@id":"https:\/\/colostudy.org\/#organization"},"potentialAction":[{"@type":"SearchAction","target":{"@type":"EntryPoint","urlTemplate":"https:\/\/colostudy.org\/?s={search_term_string}"},"query-input":{"@type":"PropertyValueSpecification","valueRequired":true,"valueName":"search_term_string"}}],"inLanguage":"es"},{"@type":"Organization","@id":"https:\/\/colostudy.org\/#organization","name":"Colorado Longitudinal Study","url":"https:\/\/colostudy.org\/","logo":{"@type":"ImageObject","inLanguage":"es","@id":"https:\/\/colostudy.org\/#\/schema\/logo\/image\/","url":"https:\/\/colostudy.org\/wp-content\/uploads\/2020\/08\/COLS_LogoWeb_RGB.png","contentUrl":"https:\/\/colostudy.org\/wp-content\/uploads\/2020\/08\/COLS_LogoWeb_RGB.png","width":1920,"height":223,"caption":"Colorado Longitudinal Study"},"image":{"@id":"https:\/\/colostudy.org\/#\/schema\/logo\/image\/"}}]}},"_links":{"self":[{"href":"https:\/\/colostudy.org\/es\/wp-json\/wp\/v2\/people\/387","targetHints":{"allow":["GET"]}}],"collection":[{"href":"https:\/\/colostudy.org\/es\/wp-json\/wp\/v2\/people"}],"about":[{"href":"https:\/\/colostudy.org\/es\/wp-json\/wp\/v2\/types\/people"}],"wp:featuredmedia":[{"embeddable":true,"href":"https:\/\/colostudy.org\/es\/wp-json\/wp\/v2\/media\/390"}],"wp:attachment":[{"href":"https:\/\/colostudy.org\/es\/wp-json\/wp\/v2\/media?parent=387"}],"curies":[{"name":"wp","href":"https:\/\/api.w.org\/{rel}","templated":true}]}}

<p>Don Elliman Jr. es actualmente rector del campus médico Anschutz de la Universidad de Colorado. Elliman, ejecutivo editorial desde hace mucho tiempo, cuenta con una trayectoria exitosa en los negocios y una reputación muy respetada en la educación superior. Trabajó en Time Warner durante 32 años y se jubiló como vicepresidente ejecutivo de Time Inc. Otros cargos que ocupó incluyen el de editor de la revista People y el de presidente de Sports Illustrated.</p>
<p>Elliman se mudó a Colorado y se convirtió en presidente de Ascent Sports y luego de Kroenke Sports Enterprises, con supervisión de actividades comerciales, incluidas The Pepsi Center, The Denver Nuggets y The Colorado Avalanche. Fue nombrado director de la Oficina de Desarrollo Económico y Comercio Internacional de Colorado, supervisando una amplia gama de actividades de desarrollo económico, incluido el desarrollo de negocios nacionales e internacionales, programas para pequeñas empresas, la Oficina de Turismo de Colorado y la Comisión de Desarrollo Económico de Colorado.</p>
<p>Luego sirvió dos años como director de operaciones de Colorado, ayudando al gobernador en la gestión de todas las agencias estatales. En 2011, el Sr. Elliman fue nombrado director ejecutivo del Centro Charles C. Gates de Medicina Regenerativa y Biología de Células Madre de la Facultad de Medicina de la Universidad de Colorado en el Campus Médico de Anschutz. Se convirtió en canciller interino de los campus de Denver y Anschutz en 2012. Fue nombrado canciller en 2013 y asumió la responsabilidad exclusiva de CU Anschutz en 2014.</p>
<p>El Sr. Elliman se ha desempeñado como presidente de la junta directiva del Children&#039;s Hospital Colorado y copresidente de la campaña para recaudar fondos para el nuevo hospital. Es miembro de las juntas directivas del Children&#039;s Hospital Colorado, UCHealth y University of Colorado Hospital, la Comisión de Estudios Superiores, la Cámara de Comercio Metropolitana de Denver, la Autoridad de Reurbanización de Fitzsimons, la Gates Family Foundation, el Instituto Linda Crnic para el Síndrome de Down y el Centro Nacional de Innovación en Salud Conductual. y la Feria Nacional de Valores del Oeste.</p>
